?
7
What is the units digit of 337729?
9
What is the units digit of 7043171?
1
What is the hundred thousands digit of 6139807?
1
What is the hundreds digit of 5432410?
4
What is the millions digit of 3206875?
3
What is the hundreds digit of 1634350?
3
What is the units digit of 136433?
3
What is the hundreds digit of 816100?
1
What is the hundreds digit of 5653498?
4
What is the tens digit of 157259?
5
What is the hundred thousands digit of 2780176?
7
What is the hundreds digit of 520836?
8
What is the millions digit of 2893182?
2
What is the units digit of 11751663?
3
What is the millions digit of 3710375?
3
What is the tens digit of 2429704?
0
What is the hundred thousands digit of 916878?
9
What is the tens digit of 193642?
4
What is the hundred thousands digit of 730794?
7
What is the units digit of 2195169?
9
What is the ten thousands digit of 895445?
9
What is the tens digit of 5346121?
2
What is the units digit of 2699828?
8
What is the tens digit of 2163241?
4
What is the tens digit of 657706?
0
What is the hundreds digit of 1695?
6
What is the tens digit of 15221078?
7
What is the units digit of 87831?
1
What is the millions digit of 21008901?
1
What is the thousands digit of 2474428?
4
What is the hundreds digit of 351621?
6
What is the ten thousands digit of 18752?
1
What is the hundreds digit of 267683?
6
What is the thousands digit of 1573814?
3
What is the tens digit of 29394261?
6
What is the thousands digit of 2836835?
6
What is the hundred thousands digit of 6893267?
8
What is the units digit of 86945?
5
What is the hundreds digit of 2717016?
0
What is the hundreds digit of 7113904?
9
What is the millions digit of 6413468?
6
What is the hundreds digit of 153413?
4
What is the tens digit of 592258?
5
What is the units digit of 1861301?
1
What is the tens digit of 636759?
5
What is the hundred thousands digit of 843161?
8
What is the hundreds digit of 15426?
4
What is the hundred thousands digit of 539207?
5
What is the units digit of 349707?
7
What is the units digit of 4272880?
0
What is the hundred thousands digit of 1754942?
7
What is the ten thousands digit of 4400938?
0
What is the units digit of 209564?
4
What is the millions digit of 18287535?
8
What is the ten thousands digit of 13145793?
4
What is the thousands digit of 1701995?
1
What is the hundreds digit of 66688?
6
What is the units digit of 838926?
6
What is the ten thousands digit of 544422?
4
What is the tens digit of 4622139?
3
What is the millions digit of 6523513?
6
What is the millions digit of 7363742?
7
What is the millions digit of 27681092?
7
What is the units digit of 16121138?
8
What is the hundreds digit of 217296?
2
What is the hundred thousands digit of 376475?
3
What is the hundreds digit of 70956?
9
What is the units digit of 245408?
8
What is the hundreds digit of 159367?
3
What is the thousands digit of 4555249?
5
What is the ten thousands digit of 160436?
6
What is the ten thousands digit of 3397953?
9
What is the hundred thousands digit of 282178?
2
What is the units digit of 1006307?
7
What is the thousands digit of 150642?
0
What is the tens digit of 242867?
6
What is the hundreds digit of 4522556?
5
What is the thousands digit of 122076?
2
What is the millions digit of 2560143?
2
What is the ten thousands digit of 147344?
4
What is the millions digit of 6266008?
6
What is the hundreds digit of 12416197?
1
What is the hundred thousands digit of 7227278?
2
What is the thousands digit of 275197?
5
What is the thousands digit of 11381319?
1
What is the hundreds digit of 1067394?
3
What is the thousands digit of 821135?
1
What is the units digit of 2755415?
5
What is the ten millions digit of 21748775?
2
What is the ten thousands digit of 2817005?
1
What is the hundreds digit of 101993?
9
What is the ten millions digit of 10484202?
1
What is the thousands digit of 4202672?
2
What is the units digit of 18521817?
7
What is the thousands digit of 233954?
3
What is the hundred thousands digit of 134893?
1
What is the millions digit of 34663195?
4
What is the units digit of 7124522?
2
What is the ten millions digit of 22725167?
2
What is the ten thousands digit of 4127828?
2
What is the hundred thousands digit of 3301405?
3
What is the tens digit of 25608354?
5
What is the units digit of 368394?
4
What is the hundred thousands digit of 109943?
1
What is the units digit of 51072?
2
What is the hundred thousands digit of 455186?
4
What is the hundreds digit of 404930?
9
What is the ten thousands digit of 12615267?
1
What is the hundreds digit of 377829?
8
What is the thousands digit of 8143691?
3
What is the hundreds digit of 1204955?
9
What is the hundred thousands digit of 1511993?
5
What is the tens digit of 2369122?
2
What is the ten thousands digit of 290056?
9
What is the units digit of 327544?
4
What is the tens digit of 8548670?
7
What is the ten thousands digit of 242399?
4
What is the millions digit of 3424189?
3
What is the hundred thousands digit of 3605836?
6
What is the hundreds digit of 796564?
5
What is the ten thousands digit of 668101?
6
What is the thousands digit of 408988?
8
What is the hundreds digit of 750547?
5
What is the tens digit of 847827?
2
What is the ten thousands digit of 4834977?
3
What is the thousands digit of 268568?
8
What is the tens digit of 311292?
9
What is the units digit of 36043?
3
What is the tens digit of 20453?
5
What is the thousands digit of 21933310?
3
What is the hundreds digit of 787737?
7
What is the tens digit of 16235026?
2
What is the tens digit of 171111?
1
What is the hundreds digit of 1094784?
7
What is the units digit of 555833?
3
What is the ten thousands digit of 3209076?
0
What is the tens digit of 28771?
7
What is the thousands digit of 1234376?
4
What is the ten thousands digit of 113873?
1
What is the units digit of 2916607?
7
What is the ten thousands digit of 48523?
4
What is the ten millions digit of 11785838?
1
What is the hundred thousands digit of 187958?
1
What is the hundred thousands digit of 101319?
1
What is the hundreds digit of 6456484?
4
What is the thousands digit of 559066?
9
What is the hundred thousands digit of 13584098?
5
What is the thousands digit of 398761?
8
What is the hundred thousands digit of 1806674?
8
What is the tens digit of 1066603?
0
What is the hundreds digit of 95126?
1
What is the hundred thousands digit of 8015824?
0
What is the hundred thousands digit of 122425?
1
What is the millions digit of 20628274?
0
What is the units digit of 1276270?
0
What is the ten thousands digit of 4678390?
7
What is the tens digit of 416901?
0
What is the hundred thousands digit of 799928?
7
What is the thousands digit of 3454255?
4
What is the ten thousands digit of 656914?
5
What is the hundreds digit of 1294118?
1
What is the hundred thousands digit of 701163?
7
What is the millions digit of 2589662?
2
What is the millions digit of 1454117?
1
What is the hundred thousands digit of 10151912?
1
What is the thousands digit of 536188?
6
What is the hundred thousands digit of 13559886?
5
What is the millions digit of 6780147?
6
What is the hundred thousands digit of 21434089?
4
What is the hundred thousands digit of 5246389?
2
What is the millions digit of 8283426?
8
What is the units digit of 184423?
3
What is the millions digit of 11277123?
1
What is the tens digit of 674275?
7
What is the thousands digit of 93316?
3
What is the hundreds digit of 30892357?
3
What is the thousands digit of 11511470?
1
What is the tens digit of 79173?
7
What is the hundred thousands digit of 20903822?
9
What is the hundred thousands digit of 264718?
2
What is the hundred thousands digit of 8829127?
8
What is the units digit of 1454245?
5
What is the millions digit of 1676707?
1
What is the hundreds digit of 4329402?
4
What is the thousands digit of 84611?
4
What is the thousands digit of 195493?
5
What is the units digit of 215536?
6
What is the ten thousands digit of 21919520?
1
What is the units digit of 850964?
4
What is the ten thousands digit of 935482?
3
What is the hundred thousands digit of 116152?
1
What is the units digit of 664500?
0
What is the tens digit of 141413?
1
What is the thousands digit of 1252826?
2
What is the millions digit of 2348562?
2
What is the tens digi